{"id":7,"date":"2023-07-28T12:26:43","date_gmt":"2023-07-28T10:26:43","guid":{"rendered":"http:\/\/lekridesign.com\/?page_id=7"},"modified":"2026-04-03T13:16:41","modified_gmt":"2026-04-03T11:16:41","slug":"creativite-savoir-faire-graphisme-portfolio","status":"publish","type":"page","link":"https:\/\/lekridesign.com\/index.php\/creativite-savoir-faire-graphisme-portfolio\/","title":{"rendered":"Lib\u00e9rez votre cr\u00e9ativit\u00e9"},"content":{"rendered":"\n<h2 class=\"wp-block-heading\"><strong>Mon objectif ? Un r\u00e9el partenariat entre vous et moi.<\/strong><\/h2>\n\n\n\n<h6 class=\"wp-block-heading has-medium-font-size\" id=\"inspiro-is-a-digital-product-agency-that-focuses-on-strategy-and-desig\" style=\"font-style:normal;font-weight:300\">Dipl\u00f4m\u00e9e en 2011 d&#8217;un MASTER en communication et nouveau m\u00e9dia (DNSEP dipl\u00f4me national sup\u00e9rieur d&#8217;\u00e9ducation plastique) j&#8217;ai acquis une certaine sensibilit\u00e9 artistique et la ma\u00eetrise des logiciels de PAO (pack adobe), du pack office. Ajoutant progressivement la gestion des r\u00e9seaux sociaux les plus courants, je suis en mesure de vous proposer une v\u00e9ritable communication 360\u00b0 et de cr\u00e9er le lien avec diff\u00e9rents prestataires pour \u00eatre toujours plus cr\u00e9atifs ensemble. <\/h6>\n\n\n\n<p><\/p>\n\n\n\n<div class=\"wp-block-group alignfull is-layout-flow wp-container-core-group-is-layout-c4d5c1b7 wp-block-group-is-layout-flow\" id=\"cover\" style=\"margin-top:0px;margin-bottom:0px\">\n<div class=\"wp-block-cover alignfull\" style=\"min-height:549px;aspect-ratio:unset;\"><noscript><img loading=\"lazy\" decoding=\"async\" width=\"1024\" height=\"488\" class=\"wp-block-cover__image-background wp-image-284 size-large\" alt=\"\" data-skip-lazy src=\"https:\/\/lekridesign.com\/wp-content\/uploads\/2026\/04\/young-graphic-designer-skimming-through-magazine-search-inspiration-client-using-laptop-1024x488.jpg\" data-object-fit=\"cover\" srcset=\"https:\/\/lekridesign.com\/wp-content\/uploads\/2026\/04\/young-graphic-designer-skimming-through-magazine-search-inspiration-client-using-laptop-1024x488.jpg 1024w, https:\/\/lekridesign.com\/wp-content\/uploads\/2026\/04\/young-graphic-designer-skimming-through-magazine-search-inspiration-client-using-laptop-300x143.jpg 300w, https:\/\/lekridesign.com\/wp-content\/uploads\/2026\/04\/young-graphic-designer-skimming-through-magazine-search-inspiration-client-using-laptop-2000x952.jpg 2000w, https:\/\/lekridesign.com\/wp-content\/uploads\/2026\/04\/young-graphic-designer-skimming-through-magazine-search-inspiration-client-using-laptop-scaled-500x238.jpg 500w, https:\/\/lekridesign.com\/wp-content\/uploads\/2026\/04\/young-graphic-designer-skimming-through-magazine-search-inspiration-client-using-laptop-scaled-800x381.jpg 800w, https:\/\/lekridesign.com\/wp-content\/uploads\/2026\/04\/young-graphic-designer-skimming-through-magazine-search-inspiration-client-using-laptop-scaled-1280x610.jpg 1280w, https:\/\/lekridesign.com\/wp-content\/uploads\/2026\/04\/young-graphic-designer-skimming-through-magazine-search-inspiration-client-using-laptop-scaled-1920x914.jpg 1920w\" sizes=\"auto, (max-width: 1024px) 100vw, 1024px\" \/><\/noscript><img loading=\"eager\" decoding=\"async\" width=\"1024\" height=\"488\" class=\"wp-block-cover__image-background wp-image-284 size-large vp-lazyload\" alt src=\"https:\/\/lekridesign.com\/wp-content\/uploads\/2026\/04\/young-graphic-designer-skimming-through-magazine-search-inspiration-client-using-laptop-1024x488.jpg\" data-object-fit=\"cover\" srcset=\"data:image\/svg+xml;base64,PHN2ZyB3aWR0aD0iMTAyNCIgaGVpZ2h0PSI0ODgiIHZpZXdCb3g9IjAgMCAxMDI0IDQ4OCIgZmlsbD0ibm9uZSIgeG1sbnM9Imh0dHA6Ly93d3cudzMub3JnLzIwMDAvc3ZnIj48L3N2Zz4=\" data-src=\"https:\/\/lekridesign.com\/wp-content\/uploads\/2026\/04\/young-graphic-designer-skimming-through-magazine-search-inspiration-client-using-laptop-1024x488.jpg\" data-srcset=\"https:\/\/lekridesign.com\/wp-content\/uploads\/2026\/04\/young-graphic-designer-skimming-through-magazine-search-inspiration-client-using-laptop-1024x488.jpg 1024w, https:\/\/lekridesign.com\/wp-content\/uploads\/2026\/04\/young-graphic-designer-skimming-through-magazine-search-inspiration-client-using-laptop-300x143.jpg 300w, https:\/\/lekridesign.com\/wp-content\/uploads\/2026\/04\/young-graphic-designer-skimming-through-magazine-search-inspiration-client-using-laptop-2000x952.jpg 2000w, https:\/\/lekridesign.com\/wp-content\/uploads\/2026\/04\/young-graphic-designer-skimming-through-magazine-search-inspiration-client-using-laptop-scaled-500x238.jpg 500w, https:\/\/lekridesign.com\/wp-content\/uploads\/2026\/04\/young-graphic-designer-skimming-through-magazine-search-inspiration-client-using-laptop-scaled-800x381.jpg 800w, https:\/\/lekridesign.com\/wp-content\/uploads\/2026\/04\/young-graphic-designer-skimming-through-magazine-search-inspiration-client-using-laptop-scaled-1280x610.jpg 1280w, https:\/\/lekridesign.com\/wp-content\/uploads\/2026\/04\/young-graphic-designer-skimming-through-magazine-search-inspiration-client-using-laptop-scaled-1920x914.jpg 1920w\" data-sizes=\"auto\"><span aria-hidden=\"true\" class=\"wp-block-cover__background has-black-background-color has-background-dim\"><\/span><div class=\"wp-block-cover__inner-container has-global-padding is-layout-constrained wp-block-cover-is-layout-constrained\">\n<div class=\"wp-block-group has-global-padding is-layout-constrained wp-container-core-group-is-layout-4383d167 wp-block-group-is-layout-constrained\">\n<h2 class=\"wp-block-heading has-white-color has-text-color has-large-font-size\">Envie d&#8217;en d\u00e9couvrir plus ?<\/h2>\n\n\n\n<p>D\u00e9couvrez mon univers cr\u00e9atif et d\u00e9couvrez ce que je peux cr\u00e9er pour vous !<\/p>\n\n\n\n<div style=\"height:31px\" aria-hidden=\"true\" class=\"wp-block-spacer\"><\/div>\n\n\n\n<div class=\"wp-block-buttons is-layout-flex wp-block-buttons-is-layout-flex\">\n<div class=\"wp-block-button is-style-fill\"><a class=\"wp-block-button__link has-secondary-background-color has-background wp-element-button\" href=\"https:\/\/lekridesign.com\/index.php\/portfolio-projets-creation\/\" style=\"border-radius:0px;text-transform:uppercase\">C&#8217;est ici et en un clic !<\/a><\/div>\n<\/div>\n<\/div>\n<\/div><\/div>\n<\/div>\n\n\n\n<div style=\"height:0px\" aria-hidden=\"true\" class=\"wp-block-spacer\"><\/div>\n\n\n\n<div class=\"wp-block-group has-global-padding is-layout-constrained wp-block-group-is-layout-constrained\">\n<h2 class=\"wp-block-heading\">Ils m&#8217;ont fait confiance, \u00e0 votre tour !<\/h2>\n<\/div>\n\n\n<pre class=\"ti-widget\"><template id=\"trustindex-google-widget-html\"><div class=\" ti-widget  ti-goog ti-review-text-mode-readmore ti-text-align-left\" data-no-translation=\"true\" data-time-locale=\"%d %s ago|today|day|days|week|weeks|month|months|year|years\" data-plugin-version=\"13.2.8\" data-layout-id=\"4\" data-layout-category=\"slider\" data-set-id=\"light-background\" data-pid=\"\" data-language=\"en\" data-close-locale=\"Close\" data-review-target-width=\"300\" data-css-version=\"2\" data-reply-by-locale=\"Owner's reply\" data-only-rating-locale=\"This user only left a rating.\" data-pager-autoplay-timeout=\"6\"> <div class=\"ti-widget-container ti-col-3\"> <div class=\"ti-reviews-container\"> <div class=\"ti-controls\"> <div class=\"ti-next\" aria-label=\"Next review\" role=\"button\" tabindex=\"0\"><\/div> <div class=\"ti-prev\" aria-label=\"Previous review\" role=\"button\" tabindex=\"0\"><\/div> <\/div> <div class=\"ti-reviews-container-wrapper\">  <div data-empty=\"0\" data-time=\"1772841600\" class=\"ti-review-item source-Google ti-image-layout-thumbnail\" data-id=\"cfcd208495d565ef66e7dff9f98764da\"> <div class=\"ti-inner\"> <div class=\"ti-review-header\"> <div class=\"ti-platform-icon ti-with-tooltip\"> <span class=\"ti-tooltip\">Posted on <\/span> <trustindex-image data-imgurl=\"https:\/\/cdn.trustindex.io\/assets\/platform\/Google\/icon.svg\" alt=\"\" width=\"20\" height=\"20\" loading=\"lazy\"><\/trustindex-image> <\/div> <div class=\"ti-profile-img\"> <trustindex-image data-imgurl=\"https:\/\/lh3.googleusercontent.com\/a\/ACg8ocITlLK_wRX7U5ggS95tGBeEgjzQ03Q0XxLIJc47mRo3vOZlXw=w40-h40-c-rp-mo-br100\" alt=\"Mel profile picture\" loading=\"lazy\"><\/trustindex-image> <\/div> <div class=\"ti-profile-details\"> <div class=\"ti-name\"> Mel <\/div> <div class=\"ti-date\"><\/div> <\/div> <\/div> <span class=\"ti-stars\"><trustindex-image class=\"ti-star\" data-imgurl=\"https:\/\/cdn.trustindex.io\/assets\/platform\/Google\/star\/f.svg\" alt=\"Google\" width=\"17\" height=\"17\" loading=\"lazy\"><\/trustindex-image><trustindex-image class=\"ti-star\" data-imgurl=\"https:\/\/cdn.trustindex.io\/assets\/platform\/Google\/star\/f.svg\" alt=\"Google\" width=\"17\" height=\"17\" loading=\"lazy\"><\/trustindex-image><trustindex-image class=\"ti-star\" data-imgurl=\"https:\/\/cdn.trustindex.io\/assets\/platform\/Google\/star\/f.svg\" alt=\"Google\" width=\"17\" height=\"17\" loading=\"lazy\"><\/trustindex-image><trustindex-image class=\"ti-star\" data-imgurl=\"https:\/\/cdn.trustindex.io\/assets\/platform\/Google\/star\/f.svg\" alt=\"Google\" width=\"17\" height=\"17\" loading=\"lazy\"><\/trustindex-image><trustindex-image class=\"ti-star\" data-imgurl=\"https:\/\/cdn.trustindex.io\/assets\/platform\/Google\/star\/f.svg\" alt=\"Google\" width=\"17\" height=\"17\" loading=\"lazy\"><\/trustindex-image><span class=\"ti-verified-review ti-verified-platform\"><span class=\"ti-verified-tooltip\">Trustindex verifies that the original source of the review is Google.<\/span><\/span><\/span> <div class=\"ti-review-text-container ti-review-content\"><!-- R-CONTENT -->Je recommande \u00e0 100 pour 100 Christel autant pour son professionnalisme, son dynamisme et ses id\u00e9es. Merci pour tout<!-- R-CONTENT --><\/div> <span class=\"ti-read-more\" data-container=\".ti-review-content\" data-collapse-text=\"Hide\" data-open-text=\"Read more\"><\/span> <\/div> <\/div>  <div data-empty=\"0\" data-time=\"1772841600\" class=\"ti-review-item source-Google ti-image-layout-thumbnail\" data-id=\"cfcd208495d565ef66e7dff9f98764da\"> <div class=\"ti-inner\"> <div class=\"ti-review-header\"> <div class=\"ti-platform-icon ti-with-tooltip\"> <span class=\"ti-tooltip\">Posted on <\/span> <trustindex-image data-imgurl=\"https:\/\/cdn.trustindex.io\/assets\/platform\/Google\/icon.svg\" alt=\"\" width=\"20\" height=\"20\" loading=\"lazy\"><\/trustindex-image> <\/div> <div class=\"ti-profile-img\"> <trustindex-image data-imgurl=\"https:\/\/lh3.googleusercontent.com\/a-\/ALV-UjWc9JiqwDQZETCzgl0QwzeIzKUFyqS5FDcl070RNGKkhHd_vXQ=w40-h40-c-rp-mo-br100\" alt=\"St\u00e9phanie Gimza profile picture\" loading=\"lazy\"><\/trustindex-image> <\/div> <div class=\"ti-profile-details\"> <div class=\"ti-name\"> St\u00e9phanie Gimza <\/div> <div class=\"ti-date\"><\/div> <\/div> <\/div> <span class=\"ti-stars\"><trustindex-image class=\"ti-star\" data-imgurl=\"https:\/\/cdn.trustindex.io\/assets\/platform\/Google\/star\/f.svg\" alt=\"Google\" width=\"17\" height=\"17\" loading=\"lazy\"><\/trustindex-image><trustindex-image class=\"ti-star\" data-imgurl=\"https:\/\/cdn.trustindex.io\/assets\/platform\/Google\/star\/f.svg\" alt=\"Google\" width=\"17\" height=\"17\" loading=\"lazy\"><\/trustindex-image><trustindex-image class=\"ti-star\" data-imgurl=\"https:\/\/cdn.trustindex.io\/assets\/platform\/Google\/star\/f.svg\" alt=\"Google\" width=\"17\" height=\"17\" loading=\"lazy\"><\/trustindex-image><trustindex-image class=\"ti-star\" data-imgurl=\"https:\/\/cdn.trustindex.io\/assets\/platform\/Google\/star\/f.svg\" alt=\"Google\" width=\"17\" height=\"17\" loading=\"lazy\"><\/trustindex-image><trustindex-image class=\"ti-star\" data-imgurl=\"https:\/\/cdn.trustindex.io\/assets\/platform\/Google\/star\/f.svg\" alt=\"Google\" width=\"17\" height=\"17\" loading=\"lazy\"><\/trustindex-image><span class=\"ti-verified-review ti-verified-platform\"><span class=\"ti-verified-tooltip\">Trustindex verifies that the original source of the review is Google.<\/span><\/span><\/span> <div class=\"ti-review-text-container ti-review-content\"><!-- R-CONTENT -->Christel est \u00e0 l'\u00e9coute et c'est vraiment appr\u00e9ciable, \u00e9galement tr\u00e8s professionnel je recommande sans h\u00e9sitation \u263a\ufe0f<!-- R-CONTENT --><\/div> <span class=\"ti-read-more\" data-container=\".ti-review-content\" data-collapse-text=\"Hide\" data-open-text=\"Read more\"><\/span> <\/div> <\/div>  <div data-empty=\"0\" data-time=\"1771718400\" class=\"ti-review-item source-Google ti-image-layout-thumbnail\" data-id=\"cfcd208495d565ef66e7dff9f98764da\"> <div class=\"ti-inner\"> <div class=\"ti-review-header\"> <div class=\"ti-platform-icon ti-with-tooltip\"> <span class=\"ti-tooltip\">Posted on <\/span> <trustindex-image data-imgurl=\"https:\/\/cdn.trustindex.io\/assets\/platform\/Google\/icon.svg\" alt=\"\" width=\"20\" height=\"20\" loading=\"lazy\"><\/trustindex-image> <\/div> <div class=\"ti-profile-img\"> <trustindex-image data-imgurl=\"https:\/\/lh3.googleusercontent.com\/a\/ACg8ocJz32mJqeTCwGW0GPIIqDGYjpqrcHYcMdJHoktEbXgv6AWAcw=w40-h40-c-rp-mo-br100\" alt=\"Aur\u00e9lie Mimouni profile picture\" loading=\"lazy\"><\/trustindex-image> <\/div> <div class=\"ti-profile-details\"> <div class=\"ti-name\"> Aur\u00e9lie Mimouni <\/div> <div class=\"ti-date\"><\/div> <\/div> <\/div> <span class=\"ti-stars\"><trustindex-image class=\"ti-star\" data-imgurl=\"https:\/\/cdn.trustindex.io\/assets\/platform\/Google\/star\/f.svg\" alt=\"Google\" width=\"17\" height=\"17\" loading=\"lazy\"><\/trustindex-image><trustindex-image class=\"ti-star\" data-imgurl=\"https:\/\/cdn.trustindex.io\/assets\/platform\/Google\/star\/f.svg\" alt=\"Google\" width=\"17\" height=\"17\" loading=\"lazy\"><\/trustindex-image><trustindex-image class=\"ti-star\" data-imgurl=\"https:\/\/cdn.trustindex.io\/assets\/platform\/Google\/star\/f.svg\" alt=\"Google\" width=\"17\" height=\"17\" loading=\"lazy\"><\/trustindex-image><trustindex-image class=\"ti-star\" data-imgurl=\"https:\/\/cdn.trustindex.io\/assets\/platform\/Google\/star\/f.svg\" alt=\"Google\" width=\"17\" height=\"17\" loading=\"lazy\"><\/trustindex-image><trustindex-image class=\"ti-star\" data-imgurl=\"https:\/\/cdn.trustindex.io\/assets\/platform\/Google\/star\/f.svg\" alt=\"Google\" width=\"17\" height=\"17\" loading=\"lazy\"><\/trustindex-image><span class=\"ti-verified-review ti-verified-platform\"><span class=\"ti-verified-tooltip\">Trustindex verifies that the original source of the review is Google.<\/span><\/span><\/span> <div class=\"ti-review-text-container ti-review-content\"><!-- R-CONTENT -->Je recommande fortement christel pour son professionnalisme et sa patience.\nElle a de supers id\u00e9es, est \u00e0 l'\u00e9coute et disponible. Merci pour tout<!-- R-CONTENT --><\/div> <span class=\"ti-read-more\" data-container=\".ti-review-content\" data-collapse-text=\"Hide\" data-open-text=\"Read more\"><\/span> <\/div> <\/div>  <\/div> <div class=\"ti-controls-line\"> <div class=\"dot\"><\/div> <\/div> <\/div>    <\/div> <\/div> <\/template><\/pre><div data-src=\"https:\/\/cdn.trustindex.io\/loader.js?wp-widget\" data-template-id=\"trustindex-google-widget-html\" data-css-url=\"https:\/\/lekridesign.com\/wp-content\/uploads\/trustindex-google-widget.css?1774898322\"><\/div>\n\n\n\n<p><\/p>\n","protected":false},"excerpt":{"rendered":"<p>Mon objectif ? Un r\u00e9el partenariat entre vous et moi. Dipl\u00f4m\u00e9e en 2011 d&#8217;un MASTER en communication et nouveau m\u00e9dia (DNSEP dipl\u00f4me national sup\u00e9rieur d&#8217;\u00e9ducation plastique) j&#8217;ai acquis une certaine sensibilit\u00e9 artistique et la ma\u00eetrise des logiciels de PAO (pack adobe), du pack office. Ajoutant progressivement la gestion des r\u00e9seaux sociaux les plus courants, je &hellip; <\/p>\n<p class=\"link-more\"><a href=\"https:\/\/lekridesign.com\/index.php\/creativite-savoir-faire-graphisme-portfolio\/\" class=\"more-link\">Read more<span class=\"screen-reader-text\"> &#8220;Lib\u00e9rez votre cr\u00e9ativit\u00e9&#8221;<\/span><\/a><\/p>\n","protected":false},"author":1,"featured_media":151,"parent":0,"menu_order":0,"comment_status":"closed","ping_status":"closed","template":"","meta":{"_vp_format_video_url":"","_vp_image_focal_point":[],"inspiro_hide_title":false,"footnotes":""},"class_list":["post-7","page","type-page","status-publish","has-post-thumbnail","hentry"],"yoast_head":"<!-- This site is optimized with the Yoast SEO plugin v27.3 - https:\/\/yoast.com\/product\/yoast-seo-wordpress\/ -->\n<title>Lib\u00e9rez votre cr\u00e9ativit\u00e9 - LeKriDesign<\/title>\n<meta name=\"description\" content=\"Experte en design graphique, LeKriDesign valorise votre image avec des cr\u00e9ations graphiques uniques, impactante, moderne et sur mesure.\" \/>\n<meta name=\"robots\" content=\"index, follow, max-snippet:-1, max-image-preview:large, max-video-preview:-1\" \/>\n<link rel=\"canonical\" href=\"https:\/\/lekridesign.com\/index.php\/creativite-savoir-faire-graphisme-portfolio\/\" \/>\n<meta property=\"og:locale\" content=\"en_US\" \/>\n<meta property=\"og:type\" content=\"article\" \/>\n<meta property=\"og:title\" content=\"Lib\u00e9rez votre cr\u00e9ativit\u00e9 - LeKriDesign\" \/>\n<meta property=\"og:description\" content=\"Experte en design graphique, LeKriDesign valorise votre image avec des cr\u00e9ations graphiques uniques, impactante, moderne et sur mesure.\" \/>\n<meta property=\"og:url\" content=\"https:\/\/lekridesign.com\/index.php\/creativite-savoir-faire-graphisme-portfolio\/\" \/>\n<meta property=\"og:site_name\" content=\"LeKriDesign\" \/>\n<meta property=\"article:publisher\" content=\"https:\/\/www.facebook.com\/LeKriDesign\" \/>\n<meta property=\"article:modified_time\" content=\"2026-04-03T11:16:41+00:00\" \/>\n<meta property=\"og:image\" content=\"http:\/\/lekridesign.com\/wp-content\/uploads\/2023\/07\/Sans-titre-1-copie.jpg\" \/>\n\t<meta property=\"og:image:width\" content=\"590\" \/>\n\t<meta property=\"og:image:height\" content=\"181\" \/>\n\t<meta property=\"og:image:type\" content=\"image\/jpeg\" \/>\n<meta name=\"twitter:card\" content=\"summary_large_image\" \/>\n<meta name=\"twitter:label1\" content=\"Est. reading time\" \/>\n\t<meta name=\"twitter:data1\" content=\"1 minute\" \/>\n<script type=\"application\/ld+json\" class=\"yoast-schema-graph\">{\"@context\":\"https:\\\/\\\/schema.org\",\"@graph\":[{\"@type\":\"WebPage\",\"@id\":\"https:\\\/\\\/lekridesign.com\\\/index.php\\\/creativite-savoir-faire-graphisme-portfolio\\\/\",\"url\":\"https:\\\/\\\/lekridesign.com\\\/index.php\\\/creativite-savoir-faire-graphisme-portfolio\\\/\",\"name\":\"Lib\u00e9rez votre cr\u00e9ativit\u00e9 - LeKriDesign\",\"isPartOf\":{\"@id\":\"https:\\\/\\\/lekridesign.com\\\/#website\"},\"primaryImageOfPage\":{\"@id\":\"https:\\\/\\\/lekridesign.com\\\/index.php\\\/creativite-savoir-faire-graphisme-portfolio\\\/#primaryimage\"},\"image\":{\"@id\":\"https:\\\/\\\/lekridesign.com\\\/index.php\\\/creativite-savoir-faire-graphisme-portfolio\\\/#primaryimage\"},\"thumbnailUrl\":\"https:\\\/\\\/lekridesign.com\\\/wp-content\\\/uploads\\\/2023\\\/07\\\/Sans-titre-1-copie.jpg\",\"datePublished\":\"2023-07-28T10:26:43+00:00\",\"dateModified\":\"2026-04-03T11:16:41+00:00\",\"description\":\"Experte en design graphique, LeKriDesign valorise votre image avec des cr\u00e9ations graphiques uniques, impactante, moderne et sur mesure.\",\"breadcrumb\":{\"@id\":\"https:\\\/\\\/lekridesign.com\\\/index.php\\\/creativite-savoir-faire-graphisme-portfolio\\\/#breadcrumb\"},\"inLanguage\":\"en-US\",\"potentialAction\":[{\"@type\":\"ReadAction\",\"target\":[\"https:\\\/\\\/lekridesign.com\\\/index.php\\\/creativite-savoir-faire-graphisme-portfolio\\\/\"]}]},{\"@type\":\"ImageObject\",\"inLanguage\":\"en-US\",\"@id\":\"https:\\\/\\\/lekridesign.com\\\/index.php\\\/creativite-savoir-faire-graphisme-portfolio\\\/#primaryimage\",\"url\":\"https:\\\/\\\/lekridesign.com\\\/wp-content\\\/uploads\\\/2023\\\/07\\\/Sans-titre-1-copie.jpg\",\"contentUrl\":\"https:\\\/\\\/lekridesign.com\\\/wp-content\\\/uploads\\\/2023\\\/07\\\/Sans-titre-1-copie.jpg\",\"width\":590,\"height\":181},{\"@type\":\"BreadcrumbList\",\"@id\":\"https:\\\/\\\/lekridesign.com\\\/index.php\\\/creativite-savoir-faire-graphisme-portfolio\\\/#breadcrumb\",\"itemListElement\":[{\"@type\":\"ListItem\",\"position\":1,\"name\":\"Home\",\"item\":\"https:\\\/\\\/lekridesign.com\\\/\"},{\"@type\":\"ListItem\",\"position\":2,\"name\":\"Lib\u00e9rez votre cr\u00e9ativit\u00e9\"}]},{\"@type\":\"WebSite\",\"@id\":\"https:\\\/\\\/lekridesign.com\\\/#website\",\"url\":\"https:\\\/\\\/lekridesign.com\\\/\",\"name\":\"LeKriDesign\",\"description\":\"La cr\u00e9ativit\u00e9 comme source d\u2019inspiration pour une communication 360\u00b0 sur-mesure.\",\"publisher\":{\"@id\":\"https:\\\/\\\/lekridesign.com\\\/#organization\"},\"potentialAction\":[{\"@type\":\"SearchAction\",\"target\":{\"@type\":\"EntryPoint\",\"urlTemplate\":\"https:\\\/\\\/lekridesign.com\\\/?s={search_term_string}\"},\"query-input\":{\"@type\":\"PropertyValueSpecification\",\"valueRequired\":true,\"valueName\":\"search_term_string\"}}],\"inLanguage\":\"en-US\"},{\"@type\":\"Organization\",\"@id\":\"https:\\\/\\\/lekridesign.com\\\/#organization\",\"name\":\"LeKriDesign\",\"url\":\"https:\\\/\\\/lekridesign.com\\\/\",\"logo\":{\"@type\":\"ImageObject\",\"inLanguage\":\"en-US\",\"@id\":\"https:\\\/\\\/lekridesign.com\\\/#\\\/schema\\\/logo\\\/image\\\/\",\"url\":\"https:\\\/\\\/lekridesign.com\\\/wp-content\\\/uploads\\\/2023\\\/07\\\/cropped-logo-lk.png\",\"contentUrl\":\"https:\\\/\\\/lekridesign.com\\\/wp-content\\\/uploads\\\/2023\\\/07\\\/cropped-logo-lk.png\",\"width\":1323,\"height\":1320,\"caption\":\"LeKriDesign\"},\"image\":{\"@id\":\"https:\\\/\\\/lekridesign.com\\\/#\\\/schema\\\/logo\\\/image\\\/\"},\"sameAs\":[\"https:\\\/\\\/www.facebook.com\\\/LeKriDesign\",\"https:\\\/\\\/www.instagram.com\\\/lekridesign\"]}]}<\/script>\n<!-- \/ Yoast SEO plugin. -->","yoast_head_json":{"title":"Lib\u00e9rez votre cr\u00e9ativit\u00e9 - LeKriDesign","description":"Experte en design graphique, LeKriDesign valorise votre image avec des cr\u00e9ations graphiques uniques, impactante, moderne et sur mesure.","robots":{"index":"index","follow":"follow","max-snippet":"max-snippet:-1","max-image-preview":"max-image-preview:large","max-video-preview":"max-video-preview:-1"},"canonical":"https:\/\/lekridesign.com\/index.php\/creativite-savoir-faire-graphisme-portfolio\/","og_locale":"en_US","og_type":"article","og_title":"Lib\u00e9rez votre cr\u00e9ativit\u00e9 - LeKriDesign","og_description":"Experte en design graphique, LeKriDesign valorise votre image avec des cr\u00e9ations graphiques uniques, impactante, moderne et sur mesure.","og_url":"https:\/\/lekridesign.com\/index.php\/creativite-savoir-faire-graphisme-portfolio\/","og_site_name":"LeKriDesign","article_publisher":"https:\/\/www.facebook.com\/LeKriDesign","article_modified_time":"2026-04-03T11:16:41+00:00","og_image":[{"width":590,"height":181,"url":"http:\/\/lekridesign.com\/wp-content\/uploads\/2023\/07\/Sans-titre-1-copie.jpg","type":"image\/jpeg"}],"twitter_card":"summary_large_image","twitter_misc":{"Est. reading time":"1 minute"},"schema":{"@context":"https:\/\/schema.org","@graph":[{"@type":"WebPage","@id":"https:\/\/lekridesign.com\/index.php\/creativite-savoir-faire-graphisme-portfolio\/","url":"https:\/\/lekridesign.com\/index.php\/creativite-savoir-faire-graphisme-portfolio\/","name":"Lib\u00e9rez votre cr\u00e9ativit\u00e9 - LeKriDesign","isPartOf":{"@id":"https:\/\/lekridesign.com\/#website"},"primaryImageOfPage":{"@id":"https:\/\/lekridesign.com\/index.php\/creativite-savoir-faire-graphisme-portfolio\/#primaryimage"},"image":{"@id":"https:\/\/lekridesign.com\/index.php\/creativite-savoir-faire-graphisme-portfolio\/#primaryimage"},"thumbnailUrl":"https:\/\/lekridesign.com\/wp-content\/uploads\/2023\/07\/Sans-titre-1-copie.jpg","datePublished":"2023-07-28T10:26:43+00:00","dateModified":"2026-04-03T11:16:41+00:00","description":"Experte en design graphique, LeKriDesign valorise votre image avec des cr\u00e9ations graphiques uniques, impactante, moderne et sur mesure.","breadcrumb":{"@id":"https:\/\/lekridesign.com\/index.php\/creativite-savoir-faire-graphisme-portfolio\/#breadcrumb"},"inLanguage":"en-US","potentialAction":[{"@type":"ReadAction","target":["https:\/\/lekridesign.com\/index.php\/creativite-savoir-faire-graphisme-portfolio\/"]}]},{"@type":"ImageObject","inLanguage":"en-US","@id":"https:\/\/lekridesign.com\/index.php\/creativite-savoir-faire-graphisme-portfolio\/#primaryimage","url":"https:\/\/lekridesign.com\/wp-content\/uploads\/2023\/07\/Sans-titre-1-copie.jpg","contentUrl":"https:\/\/lekridesign.com\/wp-content\/uploads\/2023\/07\/Sans-titre-1-copie.jpg","width":590,"height":181},{"@type":"BreadcrumbList","@id":"https:\/\/lekridesign.com\/index.php\/creativite-savoir-faire-graphisme-portfolio\/#breadcrumb","itemListElement":[{"@type":"ListItem","position":1,"name":"Home","item":"https:\/\/lekridesign.com\/"},{"@type":"ListItem","position":2,"name":"Lib\u00e9rez votre cr\u00e9ativit\u00e9"}]},{"@type":"WebSite","@id":"https:\/\/lekridesign.com\/#website","url":"https:\/\/lekridesign.com\/","name":"LeKriDesign","description":"La cr\u00e9ativit\u00e9 comme source d\u2019inspiration pour une communication 360\u00b0 sur-mesure.","publisher":{"@id":"https:\/\/lekridesign.com\/#organization"},"potentialAction":[{"@type":"SearchAction","target":{"@type":"EntryPoint","urlTemplate":"https:\/\/lekridesign.com\/?s={search_term_string}"},"query-input":{"@type":"PropertyValueSpecification","valueRequired":true,"valueName":"search_term_string"}}],"inLanguage":"en-US"},{"@type":"Organization","@id":"https:\/\/lekridesign.com\/#organization","name":"LeKriDesign","url":"https:\/\/lekridesign.com\/","logo":{"@type":"ImageObject","inLanguage":"en-US","@id":"https:\/\/lekridesign.com\/#\/schema\/logo\/image\/","url":"https:\/\/lekridesign.com\/wp-content\/uploads\/2023\/07\/cropped-logo-lk.png","contentUrl":"https:\/\/lekridesign.com\/wp-content\/uploads\/2023\/07\/cropped-logo-lk.png","width":1323,"height":1320,"caption":"LeKriDesign"},"image":{"@id":"https:\/\/lekridesign.com\/#\/schema\/logo\/image\/"},"sameAs":["https:\/\/www.facebook.com\/LeKriDesign","https:\/\/www.instagram.com\/lekridesign"]}]}},"_links":{"self":[{"href":"https:\/\/lekridesign.com\/index.php\/wp-json\/wp\/v2\/pages\/7","targetHints":{"allow":["GET"]}}],"collection":[{"href":"https:\/\/lekridesign.com\/index.php\/wp-json\/wp\/v2\/pages"}],"about":[{"href":"https:\/\/lekridesign.com\/index.php\/wp-json\/wp\/v2\/types\/page"}],"author":[{"embeddable":true,"href":"https:\/\/lekridesign.com\/index.php\/wp-json\/wp\/v2\/users\/1"}],"replies":[{"embeddable":true,"href":"https:\/\/lekridesign.com\/index.php\/wp-json\/wp\/v2\/comments?post=7"}],"version-history":[{"count":27,"href":"https:\/\/lekridesign.com\/index.php\/wp-json\/wp\/v2\/pages\/7\/revisions"}],"predecessor-version":[{"id":312,"href":"https:\/\/lekridesign.com\/index.php\/wp-json\/wp\/v2\/pages\/7\/revisions\/312"}],"wp:featuredmedia":[{"embeddable":true,"href":"https:\/\/lekridesign.com\/index.php\/wp-json\/wp\/v2\/media\/151"}],"wp:attachment":[{"href":"https:\/\/lekridesign.com\/index.php\/wp-json\/wp\/v2\/media?parent=7"}],"curies":[{"name":"wp","href":"https:\/\/api.w.org\/{rel}","templated":true}]}}